**3 + o**3 - 3 + o. Calculate y(x).
2
Let j(o) be the first derivative of 2*o**3/3 + 9*o**2/2 + 16*o + 142. Determine j(-4).
12
Let r = 92 - 77. Let z(m) = m**2 - 13*m - 30. What is z(r)?
0
Let z(n) = -n**2 + 3*n + 5. Suppose 5*t - 153 = -133. Give z(t).
1
Let j(y) = -y**3 + 6*y**2 - 3*y + 3. Suppose 0 = n + 7*n - 24. Suppose n*c - 25 = -10. Determine j(c).
13
Suppose 64*h = 97*h. Let f(a) be the third derivative of -1/30*a**5 + 0*a - 1/6*a**3 + h - 1/120*a**6 + 5*a**2 + 1/24*a**4. What is f(-2)?
-3
Let y be (-1133)/(-22) + (-2)/4. Let l = -50 + y. Let z(x) = 3*x**2 - 2*x + 1. Give z(l).
2
Suppose 5*a + 6*a + 55 = 0. Let s(o) = -3*o - 22. Give s(a).
-7
Let j be 2/(-8) - 150/(-24). Let l(y) = -1 + y - 6*y - 2*y + j*y. What is l(-5)?
4
Let b(n) = -24 + n + 56 - 41 + 3*n**2 + n**3 + 3*n**2. Calculate b(-5).
11
Suppose 10 - 25 = -5*r. Let o(x) = -x - 7. Let s(v) = -v - 6. Let m(c) = -2*o(c) + 3*s(c). Let p(l) = l + 3. Let k(f) = -3*m(f) - 4*p(f). Give k(r).
-3
Let b be 2/10 + (-95)/(-25). Suppose -2*h + 9 = 3*a - b, -2*a + 7 = 3*h. Let u = h + -2. Let s(f) = -3*f. Calculate s(u).
9
Let p(q) = q + 7. Let m = -20 + 17. Let r be 11 - (4/4 - m). Suppose r*b - 3*b = 5*n + 13, -b = -4*n - 17. What is p(n)?
2
Let j(v) = -6*v - 1. Let x(a) = -17*a. Let t(k) = 3*j(k) - x(k). Calculate t(-7).
4
Let f(g) = 3*g - 1. Let p(m) = 9*m - 2. Let c(y) = -5*f(y) + 2*p(y). Determine c(-1).
-2
Let r(w) = -3 - w**3 - 12*w**2 + 5*w**2 + 5 + 2 + 9*w. What is r(-8)?
-4
Let m(j) = 8*j + 3. Let n(f) = f**3 - 11*f**2 + 99. Let v be n(10). What is m(v)?
-5
Let u(v) = v + 6. Let b(d) = 4*d + 8. Let g be b(4). Suppose g = 4*o + 4*j, 2*o + j - 11 = -0*j. Give u(o).
11
Suppose -4*m = 3*u - 0*m + 26, -4*u - 4*m - 28 = 0. Let h = u - -5. Let r(c) = -482*c + 23. Let x(n) = 170*n - 8. Let l(t) = -6*r(t) - 17*x(t). What is l(h)?
4
Let u(j) = 2*j + 1. Let a(n) = 29*n + 379. Let c be a(-13). Give u(c).
5
Suppose -46*b = -49*b. Suppose 4*f = a + 15, b = -5*f - 4*a + 2*a + 35. Let v(u) = -u - 6. Calculate v(f).
-11
Suppose 0 = 12*x - 10*x - 4. Let q(o) be the third derivative of -o**5/20 - o**3/6 + 29*o**2. Give q(x).
-13
Let h(w) = w. Let c(j) = j. Let z = 10 - 9. Let s(i) = 4*i + 14. Let r(n) = z*s(n) - 3*c(n). Let g be r(-10). Give h(g).
4
Let j(f) be the third derivative of f**4/6 + 55*f**2. What is j(6)?
24
Let v(o) = 5*o - 4. Let h(f) = 3 + 1 + 2*f - 6. Suppose -m = 17 - 21. Let q(r) = m*v(r) - 9*h(r). Give q(-5).
-8
Let z(j) = -5*j**3 + j**2 - 1. Let g be 1*(2 + -1)*-1. Let q be z(g). Let d(c) = 1 - c + 4 + q + 2. Determine d(6).
6
Let r(l) = l**3 + 6*l**2 - 6*l. Suppose 103*c - 29*c = -518. Calculate r(c).
-7
Let w(z) be the third derivative of z**4/8 + 14*z**3/3 - 48*z**2 + z. Calculate w(-7).
7
Let o(v) = v**3 - 15*v**2 + 13*v + 17. Let w be o(14). Let y(p) = 30*p - 5*p - 12*p - w. Let l(a) = 7*a - 1. Let h(d) = -11*l(d) + 6*y(d). Calculate h(3).
-4
Let n(s) be the third derivative of -s**5/60 - 5*s**4/6 + 3*s**3 - s**2 - 85. What is n(-20)?
18
Suppose 0 = -3*v - 0*v + 12. Let c(g) = 5*g**3 + 2*g**2 - 6*g + 5. Let w(z) = 6*z**3 + 3*z**2 - 6*z + 6. Let t(p) = 5*c(p) - 4*w(p). Give t(v).
9
Let x(g) = 3*g**2 - 2*g. Let h(r) = -5*r**2 + 4*r + 1. Let q(k) = -h(k) - 2*x(k). Calculate q(1).
-2
Suppose -3 = 4*f - 2*j + 7, 3*f = -5*j - 40. Let i(v) = -v**3 - 4*v**2 + 7*v + 6. Let c be i(f). Let k(m) = -m**2 - 3*m - 1. Determine k(c).
-5
Let v = -28 - -25. Let p = -4 + 0. Let t(w) = 3*w**3 - 4*w**2 - 2*w + 8. Let l(x) = -x**3 - 1. Let g(n) = p*l(n) - t(n). Calculate g(v).
-1
Let l(o) = -o + 13. Suppose -12 = -39*q + 37*q. Let k be 1/(-2) + 3/q. Determine l(k).
13
Suppose -4*v + 4*g = 24, -v - 2*g - 3 = -0*g. Let c(w) = -w - 6. Let r(k) = 3*k + 12. Let l(y) = v*c(y) - 2*r(y). Calculate l(8).
-2
Let t(r) = 55*r + 830. Let g be t(-15). Let a(v) = -5*v**3 + 4*v**2 - v + 7. Let j(o) = -o**3 - o. Let z(w) = a(w) - 4*j(w). What is z(g)?
-3
Let z(j) be the first derivative of j**3/3 + 8*j + 21. Let h(m) = 2*m**2 + 15. Let n(d) = 3*h(d) - 5*z(d). Determine n(0).
5
Let r(w) = -2 - w + 7 - 2. Let h be 16 + -1 + -13 + -6 + 12. Give r(h).
-5
Let l(p) = -p**3 + 9*p**2 - p + 7. Suppose 5*o + 4 = 4*i, o - 5*i = -4*o. Let w be -4 + 16 + 1 + o. Let g be l(w). Let f(n) = n**2 - 2. Calculate f(g).
2
Let r = 6 + -25. Let i be r/3 + -3 + (-20)/(-6). Let o(n) = -n + 2. What is o(i)?
8
Let x(p) = -p**3 + 4*p**2 + 3*p + 5. Suppose 0 = -12*n - 22 + 34. Let k(d) = -d**2 + d - 1. Let u(q) = n*k(q) - x(q). Determine u(5).
-16
Let p(g) = -7 + 71*g - 167*g + 48*g + 46*g. Suppose l - q = -2*q - 2, 2*l - 2*q + 20 = 0. What is p(l)?
5
Let p = -5 - -7. Suppose -14 = -3*o - 2. Let y(i) = -p + 5*i**2 - 9*i - i**3 + o + 16*i. Calculate y(6).
8
Let y(p) = -p**3 - 8*p**2 + p + 15. Suppose 2*z - 7*z = 4*n + 7, 3*n - 3*z = -39. Give y(n).
7
Suppose 3*n = 7*n + 12. Let f(y) = -7*y - 57. Let h(v) = v + 10. Let i(r) = -f(r) - 6*h(r). Calculate i(n).
-6
Let p(m) = -m**2 - 4*m + 18. Let x be p(-6). Let s(b) = b**2 - 4*b + 5. Determine s(x).
17
Let s(w) = -w**3 - 14*w**2 - 10*w - 2. Let k = -709 + 696. Determine s(k).
-41
Suppose 12*y + 19 = -65. Let j(v) = 2*v + 19. Determine j(y).
5
Let b(h) = 4*h + 27. Let j be b(-6). Let g(p) = -7*p**2 + 2 + p**3 - 93*p + 100*p + j. Determine g(6).
11
Let c(g) = -g - 1. Let j(x) = 2*x + 3. Let i(o) = -6*c(o) - j(o). Suppose 0 = -5*h - l - 17, -5*h = -6*h - 4*l + 8. What is i(h)?
-13
Let j(g) = g**2 + 17*g + 31. Suppose 270*o - 261*o = -126. Give j(o).
-11
Let z(y) = 17*y**3 + 3*y**2 - 3*y + 10. Let b(d) = 11*d**3 + 11 + 28*d**2 - 2*d - 26*d**2 - 4. Let i(r) = 7*b(r) - 5*z(r). What is i(1)?
-9
Let z(f) be the third derivative of f**5/120 - f**4/24 - 5*f**3/6 + 12*f**2. Let k(p) be the first derivative of z(p). What is k(-3)?
-4
Let z(a) be the second derivative of -a**5/60 - a**4/6 + a**3/6 + 8*a. Let p(d) be the second derivative of z(d). What is p(-4)?
4
Suppose -2*x - h = -10, 18 = 4*x - 0*x + h. Let j(c) = -5*c**2 + 2*c + 7 - c**3 + 4 - x + 0*c. Determine j(-5).
-3
Let f(i) = 3*i**3 + i**2. Let q(t) = -17*t**3 - 2*t**2 - 9*t - 8. Let l(x) = -6*f(x) - q(x). Give l(-6).
26
Let j(x) = -7*x**2 + 3*x + 1. Let c(b) = -4*b**2 + 2*b + 1. Let v = 14 - 11. Let t(h) = v*j(h) - 5*c(h). What is t(2)?
-8
Let z(w) = -2*w**2 - 2*w + 3. Suppose -3*h - 2 + 8 = 0. Suppose h*b - 5*i + 1 = -15, 3*i = 6. Give z(b).
-9
Suppose -2*w - m + 8 = -3, -4*m - 21 = -5*w. Let a(t) = 17*t. Let p(x) = 41*x + 1. Let k(c) = 5*a(c) - 2*p(c). Give k(w).
13
Let j be (-33)/(-4) + (-14)/56. Let v be (4/(-5))/(4/(-30)). Let o(k) = j*k - 6*k**2 + 8*k - 9*k - k**3 + v. What is o(-7)?
6
Let x(t) = -t**2 - 8*t - 9. Suppose -3*r + 3 = -v - 3, 3*v = r - 2. Suppose -5*h - 17 - 17 = -r*p, 0 = -h + 4*p - 14. Calculate x(h).
3
Let c(z) = -14*z**2 + 2*z + 2. Let i(l) = -l**2. Let d(t) = -c(t) + 12*i(t). Calculate d(-2).
10
Let q(w) be the first derivative of w**2/2 + 4*w - 65. Let x(g) = g**3 + 5*g**2 - 6*g + 4. Let b be x(-6). Let n(o) = -o. Let u be n(b). What is q(u)?
0
Let p(m) = -3*m**3 - 3*m**2 - 3*m - 11. Let n(f) = -2 + 50*f**3 - 51*f**3 - 4*f**2 - f - 2 + 3*f**2. Let q(y) = -11*n(y) + 4*p(y). Give q(-1).
1
Let m(d) = 511*d + d**2 + 8 - 6 - 527*d. What is m(15)?
-13
Let p(x) = -x**3 + 11*x**2 + 2. Let l be p(11). Let k(y) = -4 + 1 + 7 + 17*y**l - 16*y**2. Determine k(3).
13
Suppose 39*r = 35*r + 4. Let p(b) = 15*b**2 - 1. Calculate p(r).
14
Let v(u) be the second derivative of u**5/20 + 2*u**4/3 + u**3 + 5*u**2 + u - 80. Give v(-8).
-38
Let j(h) = 9*h**2 - 16*h + 4. Let t(x) = -2*x**2. Let m(r) = j(r) + 5*t(r). Give m(-16).
4
Let q(t) = 3*t**2 + 11*t + 1. Let z(p) be the second derivative of -p**4/12 - p**3/6 - p. Let y(b) = q(b) + 4*z(b). Give y(6).
7
Let u(a) be the second derivative of -a**4/12 + 7*a**3/6 - 200*a. Give u(3).
12
Let x(w) be the third derivative of -w**5/60 - w**4 + 17*w**3/2 - w**2 - 36*w. Give x(-26).
-1
Suppose 3*s - 2*s + 4*p = 18, 0 = 3*s - 2*p - 12. Suppose 2*k - 5*t + s = -19, 3*k = -2*t + 10. Let n(f) = 4*f + 22 - 5*f + 6 - 18 + f**2. Determine n(k).
10
Let h(c) = -12*c**2 - c**3 - 7*c + 0*c + 4 + 5 + 18*c**2. Let q be h(5). Let w(o) = -3*o**3 - o. Determine w(q).
4
Suppose -5*h + 4*r = -56, 0*h - r = h - 13. Let f be (4/8)/(2/h). Suppose 0 = 5*i - f*n + 3 - 20, -5*i - 5*n = 15. Let w(o) = 14*o**2. What is w(i